 2.
-1000111000
Convert -222123 (base 5) to base 12.
-4610
-3015 (base 7) to base 15
-496
What is 35326 (base 8) in base 7?
61625
Convert -62 (base 7) to base 8.
-54
-2061 (base 10) to base 8
-4015
What is 1321114 (base 5) in base 14?
98a5
35a (base 13) to base 8
1106
What is 6035 (base 11) in base 16?
1f58
Convert -3615 (base 8) to base 4.
-132031
-2222112 (base 3) to base 15
-99e
Convert -4220 (base 5) to base 11.
-46a
What is 13b4 (base 12) in base 7?
6460
What is -4554 (base 6) in base 10?
-1078
b113 (base 14) to base 10
30397
Convert 332 (base 13) to base 10.
548
What is 2350 (base 6) in base 9?
703
Convert 13010 (base 4) to base 14.
244
-211022 (base 3) to base 6
-2442
16845 (base 9) to base 12
6888
-1dc (base 14) to base 5
-3030
20495 (base 13) to base 3
2221110012
What is 41906 (base 11) in base 16?
ee3e
What is -4889 (base 12) in base 2?
-1111111101001
-2354 (base 11) to base 7
-11664
Convert 14933 (base 12) to base 9.
43673
What is 67604 (base 8) in base 10?
28548
7123 (base 9) to base 8
12125
-33774 (base 8) to base 7
-56533
Convert -20011122 (base 3) to base 9.
-6148
1b3a (base 12) to base 7
12535
What is 122 (base 3) in base 8?
21
What is 2211223 (base 4) in base 6?
121031
Convert 9040 (base 10) to base 4.
2031100
What is -9aab (base 16) in base 13?
-1503a
What is 9159 (base 11) in base 16?
2f84
-3462 (base 8) to base 13
-ab9
Convert -4331 (base 6) to base 2.
-1111011111
What is 19b6 (base 12) in base 16?
c5a
What is 141111 (base 5) in base 16?
1695
What is -1401 (base 9) in base 4?
-100132
-111001111 (base 2) to base 9
-564
254421 (base 7) to base 3
2101202020
Convert 295 (base 10) to base 9.
357
What is -332223 (base 4) in base 7?
-14460
Convert -939 (base 12) to base 15.
-5e6
What is 100110110010110 (base 2) in base 7?
111623
What is 77ac (base 15) in base 8?
61422
What is 32aa7 (base 12) in base 5?
4122411
What is -8028 (base 9) in base 10?
-5858
10000110100 (base 2) to base 15
4bb
Convert -1326 (base 9) to base 15.
-466
10324 (base 5) to base 3
222110
What is -1499 (base 12) in base 9?
-3280
What is 111122210 (base 3) in base 4?
2123211
630 (base 14) to base 4
103002
22431 (base 5) to base 4
121100
Convert 6bbc (base 14) to base 7.
105525
-40a (base 12) to base 2
-1001001010
What is 575 (base 15) in base 16?
4d3
What is -53 (base 6) in base 15?
-23
-a38 (base 12) to base 2
-10111001100
11100021 (base 3) to base 4
301132
Convert -5f (base 16) to base 4.
-1133
Convert 142 (base 13) to base 7.
436
What is 37376 (base 8) in base 11?
11130
What is -3302222 (base 4) in base 15?
-4905
Convert 2219 (base 15) to base 12.
4220
What is -3123212 (base 4) in base 11?
-a617
What is 1000101 (base 3) in base 8?
1343
11100001111010 (base 2) to base 6
150534
32310 (base 4) to base 8
1664
Convert 129c8 (base 13) to base 3.
1202111222
What is -1277 (base 10) in base 14?
-673
What is 154bb (base 13) in base 4?
21312320
1291 (base 15) to base 8
7571
31135 (base 7) to base 16
1dc5
Convert -2206 (base 11) to base 6.
-21250
Convert -236 (base 16) to base 14.
-2c6
What is -636 (base 7) in base 13?
-1b9
What is 140 (base 16) in base 2?
101000000
What is -71ed (base 16) in base 3?
-1111000012
1362 (base 14) to base 4
311122
Convert -915 (base 15) to base 2.
-11111111101
Convert -813 (base 9) to base 2.
-1010010100
-65932 (base 10) to base 5
-4102212
111101111010001 (base 2) to base 7
161261
-17136 (base 8) to base 11
-5928
Convert 2422 (base 7) to base 13.
541
Convert 1265 (base 15) to base 16.
f50
-1353a (base 11) to base 14
-7054
Convert 2c6 (base 13) to base 14.
27a
4265 (base 7) to base 14
7a5
Convert d2 (base 15) to base 5.
1242
What is -81 (base 11) in base 8?
-131
What is -11152 (base 13) in base 15?
-92b4
12201 (base 3) to base 8
232
1103003 (base 4) to base 12
30ab
What is -2bc5 (base 15) in base 16?
-24c2
-2033 (base 4) to base 11
-120
What is -6542 (base 16) in base 3?
-1022120002
ec (base 15) to base 7
435
What is 5a (base 16) in base 4?
1122
1235 (base 12) to base 10
2057
36a (base 11) to base 13
27a
What is -74a1 (base 13) in base 6?
-202534
Convert -63 (base 13) to base 11.
-74
Convert 60304 (base 10) to base 8.
165620
Convert 3709 (base 15) to base 4.
2312331
What is 3005 (base 9) in base 15?
9b2
Convert 74512 (base 8) to base 4.
13211022
Convert -101020221 (base 3) to base 11.
-5688
3236 (base 10) to base 5
100421
-1eb1 (base 15) to base 9
-10154
-13b05 (base 12) to base 3
-1101201212
What is 2d9 (base 16) in base 3?
1000000
What is 548 (base 14) in base 7?
3021
43 (base 8) to base 15
25
What is 2281 (base 9) in base 6?
11501
What is 1741 (base 10) in base 8?
3315
What is 1c9 (base 14) in base 10?
373
What is -1718 (base 11) in base 2?
-100010010101
What is -51404 (base 7) in base 13?
-5933
What is 124153 (base 6) in base 7?
44643
What is -405 (base 13) in base 15?
-306
4776 (base 10) to base 2
1001010101000
-180 (base 10) to base 2
-10110100
18016 (base 10) to base 4
10121200
What is -d1a (base 16) in base 15?
-ed9
-879 (base 11) to base 3
-1110001
Convert -16f7 (base 16) to base 15.
-1b1e
What is 19a (base 15) in base 16?
172
What is 5da (base 16) in base 14?
790
-260a (base 11) to base 14
-134a
-148 (base 12) to base 15
-d5
What is -10011 (base 7) in base 14?
-c41
-100111000010011 (base 2) to base 6
-232311
What is 3b1 (base 14) in base 16?
2e7
2081 (base 10) to base 9
2762
1270 (base 9) to base 6
4230
Convert 6540 (base 7) to base 6.
14443
What is 2d74 (base 14) in base 15?
2628
Convert -2104 (base 7) to base 6.
-3231
Convert 1d4 (base 14) to base 12.
27a
Convert -5843 (base 10) to base 3.
-22000102
What is -534 (base 13) in base 7?
-2406
Convert 111000010001 (base 2) to base 12.
2101
-73 (base 14) to base 6
-245
3267 (base 9) to base 4
211222
1150 (base 6) to base 2
100011010
148 (base 16) to base 3
110011
What is 7d4 (base 15) in base 2?
11011101110
What is -17591 (base 13) in base 14?
-12515
-6c4 (base 13) to base 3
-1121111
What is 2084 (base 11) in base 10?
2754
-360 (base 16) to base 11
-716
2212 (base 7) to base 16
319
What is -6a6 (base 11) in base 12?
-5a2
Convert -151304 (base 7) to base 15.
-8a3b
Convert -28a (base 13) to base 7.
-1214
What is 6ab (base 12) in base 9?
1325
What is -1182 (base 13) in base 4?
-212220
-7a9 (base 16) to base 10
-1961
What is -765 (base 14) in base 9?
-2003
-3386 (base 10) to base 4
-310322
What is -8358 (base 9) in base 11?
-4671
Convert -27867 (base 9) to base 11.
-13253
What is 13321101 (base 4) in base 16?
7e51
-2150 (base 13) to base 7
-16331
Convert -1432144 (base 5) to base 3.
-1112120012
Convert 54075 (base 8) to base 3.
1010222122
526 (base 8) to base 16
156
-2120 (base 3) to base 9
-76
What is -4837 (base 11) in base 2?
-1100010111100
53533 (base 6) to base 5
213304
What is 211100201 (base 3) in base 10?
16300
Convert -123302 (base 4) to base 11.
-1377
What is 205103 (base 7) in base 9?
53472
Convert -33002 (base 4) to base 3.
-1022122
-2402044 (base 5) to base 2
-1010101111111000
Convert 3ba6 (base 12) to base 15.
2099
What is 42 (base 11) in base 9?
51
Convert -43653 (base 8) to base 3.
-221011112
-12430 (base 6) to base 4
-131202
What is -1a44 (base 15) in base 7?
-22405
Convert -1101100101101 (base 2) to base 9.
-10480
-8017 (base 14) to base 4
-11113111
What is 10100110000111 (base 2) in base 5?
320011
What is -10100010110 (base 2) in base 9?
-1706
Convert -12200 (base 3) to base 9.
-180
Convert -112021100 (base 3) to base 12.
-6030
1ea (base 16) to base 10
490
-101134 (base 7) to base 13
-7abc
What is 2c9 (base 16) in base 4?
23021
Convert -2020211 (base 4) to base 13.
-3c95
Convert 10001120 (base 3) to base 5.
32404
What is -10823 (base 13) in base 11?
-20550
What is -57 (base 9) in base 16?
-34
Convert 1b12 (base 16) to base 14.
2750
What is -1143 (base 7) in base 8?
-647
27ba (base 12) to base 7
16300
Convert -858 (base 15) to base 14.
-987
-3673 (base 13) to base 7
-31306
What is 661 (base 8) in base 5?
3213
Convert 11110010000110 (base 2) to base 14.
590a
What is -117 (base 10) in base 12?
-99
Convert -2102120221 (base 3) to base 6.
-1005211
What is -23a (base 12) in base 2?
-101001110
Convert 11165 (base 10) to base 3.
120022112
Convert 11121131 (base 4) to base 2.
101011001011101
What is 101000011101 (base 2) in base 9?
3486
What is 463 (base 11) in base 12?
3a1
-bd